{"id":3627,"date":"2025-12-19T21:40:24","date_gmt":"2025-12-19T21:40:24","guid":{"rendered":"https:\/\/zekiinsaatyapi.com\/index.php\/kurucunun-mesaji\/"},"modified":"2026-02-13T12:05:42","modified_gmt":"2026-02-13T12:05:42","slug":"kurucunun-mesaji","status":"publish","type":"page","link":"https:\/\/zekiinsaatyapi.com\/index.php\/kurucunun-mesaji\/","title":{"rendered":"Kurucunun Mesaj\u0131"},"content":{"rendered":"<style type=\"text\/css\" data-created_by=\"avia_inline_auto\" id=\"style-css-av-av_one_third-96293d759f04aa348e271308ffe36196\">\n.flex_column.av-av_one_third-96293d759f04aa348e271308ffe36196{<br \/>\nwidth:31.333333333333%;<br \/>\npadding:15px 15px 15px 15px;<br \/>\nbackground-color:#f2f2f2;<br \/>\n}<br \/>\n<\/style>\n<div class=\"flex_column av-av_one_third-96293d759f04aa348e271308ffe36196 av_one_third  avia-builder-el-0  el_before_av_two_third  avia-builder-el-first  first flex_column_div  \">\n<style type=\"text\/css\" data-created_by=\"avia_inline_auto\" id=\"style-css-av-av_textblock-969916c21fdb1e0890471e3abdc8178b\">\n#top .av_textblock_section.av-av_textblock-969916c21fdb1e0890471e3abdc8178b .avia_textblock{<br \/>\nfont-size:16px;<br \/>\ncolor:#000000;<br \/>\n}<br \/>\n<\/style>\n<section class=\"av_textblock_section av-av_textblock-969916c21fdb1e0890471e3abdc8178b \">\n<div class=\"avia_textblock av_inherit_color\">\n<p><strong><a href=\"https:\/\/zekiinsaatyapi.com\/hakkimizda\">Zeki \u0130n\u015faat<\/a><\/strong><\/p>\n<p><strong><a href=\"https:\/\/zekiinsaatyapi.com\/kurucunun-mesaji\">Kurucunun Mesaj\u0131<\/a><\/strong><\/p>\n<p><strong><a href=\"https:\/\/zekiinsaatyapi.com\/kalite-ve-ilkeler\">Kalite ve \u0130lkeler<\/a><\/strong><\/p>\n<p><strong><a href=\"https:\/\/zekiinsaatyapi.com\/vizyon-ve-misyonumuz\">Vizyon ve Misyonumuz<\/a><\/strong><\/p>\n<p><strong><a href=\"https:\/\/zekiinsaatyapi.com\/cozum-ortaklarimiz\">\u00c7\u00f6z\u00fcm Ortaklar\u0131m\u0131z<\/a><\/strong><\/p>\n<\/div>\n<\/section>\n<\/div>\n<style type=\"text\/css\" data-created_by=\"avia_inline_auto\" id=\"style-css-av-av_two_third-4170da8ffa4cdb2c373fe71d3d7f8b3e\">\n.flex_column.av-av_two_third-4170da8ffa4cdb2c373fe71d3d7f8b3e{<br \/>\nwidth:65.666666666667%;<br \/>\nmargin-left:3%;<br \/>\n}<br \/>\n<\/style>\n<div class=\"flex_column av-av_two_third-4170da8ffa4cdb2c373fe71d3d7f8b3e av_two_third  avia-builder-el-2  el_after_av_one_third  avia-builder-el-last  flex_column_div  \">\n<style type=\"text\/css\" data-created_by=\"avia_inline_auto\" id=\"style-css-av-me3ndt1o-cc7d148f3c4d79e16b10b42898973efa\">\n.avia-image-container.av-me3ndt1o-cc7d148f3c4d79e16b10b42898973efa img.avia_image{<br \/>\nbox-shadow:none;<br \/>\n}<br \/>\n.avia-image-container.av-me3ndt1o-cc7d148f3c4d79e16b10b42898973efa .av-image-caption-overlay-center{<br \/>\ncolor:#ffffff;<br \/>\n}<br \/>\n<\/style>\n<div class=\"avia-image-container av-me3ndt1o-cc7d148f3c4d79e16b10b42898973efa av-styling- avia-align-center  avia-builder-el-3  el_before_av_heading  avia-builder-el-first \">\n<div class=\"avia-image-container-inner\">\n<div class=\"avia-image-overlay-wrap\"><img fetchpriority=\"high\" decoding=\"async\" class=\"wp-image-138 avia-img-lazy-loading-not-138 avia_image \" title=\"kurucumuzun-mesaji\" src=\"https:\/\/zekiinsaatyapi.com\/wp-content\/uploads\/kurucumuzun-mesaji.jpg\" sizes=\"(max-width: 1200px) 100vw, 1200px\" srcset=\"https:\/\/zekiinsaatyapi.com\/wp-content\/uploads\/kurucumuzun-mesaji.jpg 1200w, https:\/\/zekiinsaatyapi.com\/wp-content\/uploads\/kurucumuzun-mesaji-400x167.jpg 400w, https:\/\/zekiinsaatyapi.com\/wp-content\/uploads\/kurucumuzun-mesaji-1024x427.jpg 1024w, https:\/\/zekiinsaatyapi.com\/wp-content\/uploads\/kurucumuzun-mesaji-768x320.jpg 768w, https:\/\/zekiinsaatyapi.com\/wp-content\/uploads\/kurucumuzun-mesaji-705x294.jpg 705w\" alt=\"kurucumuzun mesaj\u0131, zeki in\u015faat, in\u015faat, m\u00fcteahhit,\" width=\"1200\" height=\"500\" \/><\/div>\n<\/div>\n<\/div>\n<style type=\"text\/css\" data-created_by=\"avia_inline_auto\" id=\"style-css-av-me3nclku-a74387950ac63bf9757a75c8e8f3cd42\">\n#top .av-special-heading.av-me3nclku-a74387950ac63bf9757a75c8e8f3cd42{<br \/>\npadding-bottom:10px;<br \/>\n}<br \/>\nbody .av-special-heading.av-me3nclku-a74387950ac63bf9757a75c8e8f3cd42 .av-special-heading-tag .heading-char{<br \/>\nfont-size:25px;<br \/>\n}<br \/>\n.av-special-heading.av-me3nclku-a74387950ac63bf9757a75c8e8f3cd42 .av-subheading{<br \/>\nfont-size:15px;<br \/>\n}<br \/>\n<\/style>\n<div class=\"av-special-heading av-me3nclku-a74387950ac63bf9757a75c8e8f3cd42 av-special-heading-h3  avia-builder-el-4  el_after_av_image  el_before_av_textblock \">\n<h3 class=\"av-special-heading-tag \">Kurucunun Mesaj\u0131<\/h3>\n<div class=\"special-heading-border\">\n<div class=\"special-heading-inner-border\"><\/div>\n<\/div>\n<\/div>\n<style type=\"text\/css\" data-created_by=\"avia_inline_auto\" id=\"style-css-av-me3newgc-4010bbc757c26204207e6ee393afd227\">\n#top .av_textblock_section.av-me3newgc-4010bbc757c26204207e6ee393afd227 .avia_textblock{<br \/>\nfont-size:16px;<br \/>\ncolor:#000000;<br \/>\n}<br \/>\n<\/style>\n<section class=\"av_textblock_section av-me3newgc-4010bbc757c26204207e6ee393afd227 \">\n<div class=\"avia_textblock av_inherit_color\">\n<p data-start=\"151\" data-end=\"206\"><strong data-start=\"151\" data-end=\"206\">De\u011ferli M\u00fc\u015fterilerimiz ve K\u0131ymetli \u0130\u015f Ortaklar\u0131m\u0131z,<\/strong><\/p>\n<p data-start=\"208\" data-end=\"433\">Sekt\u00f6rdeki onlarca y\u0131ll\u0131k tecr\u00fcbe ve deneyimimle, 1992 y\u0131l\u0131nda Zeki \u0130n\u015faat\u2019\u0131 kurma hayalimi ger\u00e7e\u011fe d\u00f6n\u00fc\u015ft\u00fcrd\u00fcm. Bug\u00fcn geriye d\u00f6n\u00fcp bakt\u0131\u011f\u0131mda, bu yolda att\u0131\u011f\u0131m ilk ad\u0131m\u0131n ne denli anlaml\u0131 oldu\u011funu bir kez daha g\u00f6r\u00fcyorum.<\/p>\n<p data-start=\"435\" data-end=\"706\">Kurulu\u015fumuzdan bu yana ge\u00e7en s\u00fcrede, yaln\u0131zca binalar in\u015fa etmekle kalmad\u0131k; ayn\u0131 zamanda insanlar\u0131n ya\u015famlar\u0131n\u0131 g\u00fczelle\u015ftiren, g\u00fcvenli ve huzurlu yuvalar olu\u015fturduk. Her projemizde kalite, g\u00fcven ve estetikten \u00f6d\u00fcn vermeden, uzun \u00f6m\u00fcrl\u00fc yap\u0131lar \u00fcretme gayesiyle \u00e7al\u0131\u015ft\u0131k.<\/p>\n<p data-start=\"708\" data-end=\"872\">Ekip arkada\u015flar\u0131mla birlikte, ilk g\u00fcnk\u00fc heyecan\u0131m\u0131z\u0131 koruyarak, geli\u015fen teknoloji ve biriken tecr\u00fcbemizle her ge\u00e7en g\u00fcn daha da iyisini yapma arzusuyla ilerliyoruz.<\/p>\n<p data-start=\"874\" data-end=\"1050\">Zeki \u0130n\u015faat\u2019\u0131n bug\u00fcnk\u00fc ba\u015far\u0131s\u0131nda siz de\u011ferli m\u00fc\u015fterilerimizin ve i\u015f ortaklar\u0131m\u0131z\u0131n katk\u0131s\u0131 b\u00fcy\u00fckt\u00fcr. Bize duydu\u011funuz g\u00fcven ve verdi\u011finiz destek i\u00e7in y\u00fcrekten te\u015fekk\u00fcr ederim.<\/p>\n<p data-start=\"1052\" data-end=\"1132\">Gururla b\u00fcy\u00fctt\u00fc\u011f\u00fcm\u00fcz bu hik\u00e2yeyi sizlerle payla\u015fmaktan b\u00fcy\u00fck mutluluk duyuyorum.<\/p>\n<p data-start=\"1134\" data-end=\"1160\"><strong data-start=\"1134\" data-end=\"1160\">Sayg\u0131 ve Sevgilerimle,<\/strong><\/p>\n<p data-start=\"1162\" data-end=\"1220\"><strong data-start=\"1162\" data-end=\"1178\">Mustafa Zeki<\/strong><br data-start=\"1178\" data-end=\"1181\" \/>Kurucu<br data-start=\"1206\" data-end=\"1209\" \/>Zeki \u0130n\u015faat<\/p>\n<\/div>\n<\/section>\n<style type=\"text\/css\" data-created_by=\"avia_inline_auto\" id=\"style-css-av-av_image-f1ed7883f2c9aa3868dbf457d7d16753\">\n.avia-image-container.av-av_image-f1ed7883f2c9aa3868dbf457d7d16753 img.avia_image{<br \/>\nbox-shadow:none;<br \/>\n}<br \/>\n.avia-image-container.av-av_image-f1ed7883f2c9aa3868dbf457d7d16753 .av-image-caption-overlay-center{<br \/>\ncolor:#ffffff;<br \/>\n}<br \/>\n<\/style>\n<div class=\"avia-image-container av-av_image-f1ed7883f2c9aa3868dbf457d7d16753 av-styling- avia-align-center  avia-builder-el-6  el_after_av_textblock  avia-builder-el-last \">\n<div class=\"avia-image-container-inner\">\n<div class=\"avia-image-overlay-wrap\"><img decoding=\"async\" class=\"wp-image-124 avia-img-lazy-loading-not-124 avia_image lazyload\" title=\"in\u015faat, in\u015faat \u015firketi, in\u015faat firmas\u0131, istanbul in\u015faat firmalar\u0131, in\u015faat projeleri, kentsel d\u00f6n\u00fc\u015f\u00fcm, kat kar\u015f\u0131l\u0131\u011f\u0131 in\u015faat, taahh\u00fct in\u015faat,\" data-src=\"https:\/\/zekiinsaatyapi.com\/wp-content\/uploads\/82384.jpg\" data-sizes=\"(max-width: 2000px) 100vw, 2000px\" data-srcset=\"https:\/\/zekiinsaatyapi.com\/wp-content\/uploads\/82384.jpg 2000w, https:\/\/zekiinsaatyapi.com\/wp-content\/uploads\/82384-400x224.jpg 400w, https:\/\/zekiinsaatyapi.com\/wp-content\/uploads\/82384-1024x574.jpg 1024w, https:\/\/zekiinsaatyapi.com\/wp-content\/uploads\/82384-768x430.jpg 768w, https:\/\/zekiinsaatyapi.com\/wp-content\/uploads\/82384-1536x861.jpg 1536w, https:\/\/zekiinsaatyapi.com\/wp-content\/uploads\/82384-1500x841.jpg 1500w, https:\/\/zekiinsaatyapi.com\/wp-content\/uploads\/82384-705x395.jpg 705w\" alt=\"in\u015faat, in\u015faat \u015firketi, in\u015faat firmas\u0131, istanbul in\u015faat firmalar\u0131, in\u015faat projeleri, kentsel d\u00f6n\u00fc\u015f\u00fcm, kat kar\u015f\u0131l\u0131\u011f\u0131 in\u015faat, taahh\u00fct in\u015faat,\" width=\"2000\" height=\"1121\" src=\"data:image\/svg+xml;base64,PHN2ZyB3aWR0aD0iMSIgaGVpZ2h0PSIxIiB4bWxucz0iaHR0cDovL3d3dy53My5vcmcvMjAwMC9zdmciPjwvc3ZnPg==\" style=\"--smush-placeholder-width: 2000px; --smush-placeholder-aspect-ratio: 2000\/1121;\" \/><\/div>\n<\/div>\n<\/div>\n<\/div>\n","protected":false},"excerpt":{"rendered":"<p>Zeki \u0130n\u015faat Kurucunun Mesaj\u0131 Kalite ve \u0130lkeler Vizyon ve Misyonumuz \u00c7\u00f6z\u00fcm Ortaklar\u0131m\u0131z Kurucunun Mesaj\u0131 De\u011ferli M\u00fc\u015fterilerimiz ve K\u0131ymetli \u0130\u015f Ortaklar\u0131m\u0131z, Sekt\u00f6rdeki onlarca y\u0131ll\u0131k tecr\u00fcbe ve deneyimimle, 1992 y\u0131l\u0131nda Zeki \u0130n\u015faat\u2019\u0131 kurma hayalimi ger\u00e7e\u011fe d\u00f6n\u00fc\u015ft\u00fcrd\u00fcm. Bug\u00fcn geriye d\u00f6n\u00fcp bakt\u0131\u011f\u0131mda, bu yolda att\u0131\u011f\u0131m ilk ad\u0131m\u0131n ne denli anlaml\u0131 oldu\u011funu bir kez daha g\u00f6r\u00fcyorum. Kurulu\u015fumuzdan bu yana ge\u00e7en&#8230;<\/p>\n","protected":false},"author":1,"featured_media":0,"parent":0,"menu_order":0,"comment_status":"closed","ping_status":"closed","template":"","meta":{"_monsterinsights_skip_tracking":false,"_monsterinsights_sitenote_active":false,"_monsterinsights_sitenote_note":"","_monsterinsights_sitenote_category":0,"footnotes":""},"class_list":["post-3627","page","type-page","status-publish","hentry","page--item"],"aioseo_notices":[],"_links":{"self":[{"href":"https:\/\/zekiinsaatyapi.com\/index.php\/wp-json\/wp\/v2\/pages\/3627","targetHints":{"allow":["GET"]}}],"collection":[{"href":"https:\/\/zekiinsaatyapi.com\/index.php\/wp-json\/wp\/v2\/pages"}],"about":[{"href":"https:\/\/zekiinsaatyapi.com\/index.php\/wp-json\/wp\/v2\/types\/page"}],"author":[{"embeddable":true,"href":"https:\/\/zekiinsaatyapi.com\/index.php\/wp-json\/wp\/v2\/users\/1"}],"replies":[{"embeddable":true,"href":"https:\/\/zekiinsaatyapi.com\/index.php\/wp-json\/wp\/v2\/comments?post=3627"}],"version-history":[{"count":1,"href":"https:\/\/zekiinsaatyapi.com\/index.php\/wp-json\/wp\/v2\/pages\/3627\/revisions"}],"predecessor-version":[{"id":3758,"href":"https:\/\/zekiinsaatyapi.com\/index.php\/wp-json\/wp\/v2\/pages\/3627\/revisions\/3758"}],"wp:attachment":[{"href":"https:\/\/zekiinsaatyapi.com\/index.php\/wp-json\/wp\/v2\/media?parent=3627"}],"curies":[{"name":"wp","href":"https:\/\/api.w.org\/{rel}","templated":true}]}}